


{"id":901,"date":"2024-02-05T08:26:06","date_gmt":"2024-02-05T07:26:06","guid":{"rendered":"https:\/\/przedszkole125.edu.wroclaw.pl\/?page_id=901"},"modified":"2026-02-02T09:55:12","modified_gmt":"2026-02-02T08:55:12","slug":"rekrutacja-2024","status":"publish","type":"page","link":"https:\/\/przedszkole125.edu.wroclaw.pl\/index.php\/rekrutacja-2024\/","title":{"rendered":"Rekrutacja 2026\/2027"},"content":{"rendered":"<div class=\"wpb-content-wrapper\"><p>[vc_row][vc_column][vc_column_text css=&#8221;&#8221;]<\/p>\n<h2>Rekrutacja rok szkolny 2026\/2027<\/h2>\n<p><a href=\"https:\/\/przedszkole125.edu.wroclaw.pl\/wp-content\/uploads\/sites\/78\/2026\/01\/BIULETYN-INFORMACYJNY.pdf\">BIULETYN INFORMACYJNY<\/a><\/p>\n<p><a href=\"https:\/\/przedszkole125.edu.wroclaw.pl\/wp-content\/uploads\/sites\/78\/2026\/01\/BIULETYN-STR-1-scaled.jpg\">BIULETYN str. 1<\/a><\/p>\n<p><a href=\"https:\/\/przedszkole125.edu.wroclaw.pl\/wp-content\/uploads\/sites\/78\/2026\/01\/BIULETYN-STR-2-3-scaled.jpg\">BIULETYN str. 2-3<\/a><\/p>\n<p><a href=\"https:\/\/przedszkole125.edu.wroclaw.pl\/wp-content\/uploads\/sites\/78\/2026\/01\/BIULETYN-STR-4-scaled.jpg\">BIULETYN str. 4<\/a><\/p>\n<p><a href=\"https:\/\/przedszkole125.edu.wroclaw.pl\/wp-content\/uploads\/sites\/78\/2026\/01\/DOCHOD.docx\">Doch\u00f3d<\/a><\/p>\n<p><a href=\"https:\/\/przedszkole125.edu.wroclaw.pl\/wp-content\/uploads\/sites\/78\/2026\/01\/DZIECI-O-SPECJALNYCH-POTRZEBACH.docx\">Dzieci o specjalnych potrzebach<\/a><\/p>\n<p><a href=\"https:\/\/przedszkole125.edu.wroclaw.pl\/wp-content\/uploads\/sites\/78\/2026\/01\/HARMONOGRAM-DLA-RODZICOW-ETAP-PODSTAWOWY.docx\">Harmonogram dla Rodzic\u00f3w- etap. 1<\/a><\/p>\n<p><a href=\"https:\/\/przedszkole125.edu.wroclaw.pl\/wp-content\/uploads\/sites\/78\/2026\/01\/HARMONOGRAM-DLA-RODZICOW-ETAP-UZUPELNIAJACY.docx\">Harmonogram dla Rodzic\u00f3w- etap 2<\/a><\/p>\n<p><a href=\"https:\/\/przedszkole125.edu.wroclaw.pl\/wp-content\/uploads\/sites\/78\/2026\/01\/INFORMACJE-OGOLNE.docx\">Informacje og\u00f3lne<\/a><\/p>\n<p><a href=\"https:\/\/przedszkole125.edu.wroclaw.pl\/wp-content\/uploads\/sites\/78\/2026\/01\/KOMUNIKAT.docx\">Komunikat<\/a><\/p>\n<p><a href=\"https:\/\/przedszkole125.edu.wroclaw.pl\/wp-content\/uploads\/sites\/78\/2026\/01\/KONTYNUACJA.docx\">Kontynuacja<\/a><\/p>\n<p><a href=\"https:\/\/przedszkole125.edu.wroclaw.pl\/wp-content\/uploads\/sites\/78\/2026\/01\/KRYTERIA-.docx\">Kryteria<\/a><\/p>\n<p><a href=\"https:\/\/przedszkole125.edu.wroclaw.pl\/wp-content\/uploads\/sites\/78\/2026\/01\/ODWOLANIA.docx\">Odwo\u0142ania<\/a><\/p>\n<p><a href=\"https:\/\/przedszkole125.edu.wroclaw.pl\/wp-content\/uploads\/sites\/78\/2026\/01\/PODSTAWY-PRAWNE.docx\">Podstawy prawne<\/a><\/p>\n<p><a href=\"https:\/\/przedszkole125.edu.wroclaw.pl\/wp-content\/uploads\/sites\/78\/2026\/01\/SAMOTNE-WYCHOWANIE.docx\">Samotne wychowanie<\/a><\/p>\n<p><a href=\"https:\/\/przedszkole125.edu.wroclaw.pl\/wp-content\/uploads\/sites\/78\/2026\/01\/UDZIAL-W-REKRUTACJI.docx\">Udzia\u0142 w rekrutacji<\/a><\/p>\n<p><a href=\"https:\/\/przedszkole125.edu.wroclaw.pl\/wp-content\/uploads\/sites\/78\/2026\/01\/WSPARCIE-TECHNICZNE.docx\">Wsparcie techniczne<\/a>[\/vc_column_text][\/vc_column][\/vc_row]<\/p>\n<\/div>","protected":false},"excerpt":{"rendered":"<p>[vc_row][vc_column][vc_column_text css=&#8221;&#8221;] Rekrutacja rok szkolny 2026\/2027 BIULETYN INFORMACYJNY BIULETYN str. 1 BIULETYN str. 2-3 BIULETYN str. 4 Doch\u00f3d Dzieci o specjalnych potrzebach Harmonogram dla Rodzic\u00f3w- etap. 1 Harmonogram dla Rodzic\u00f3w- [&hellip;]<\/p>\n","protected":false},"author":72,"featured_media":0,"parent":0,"menu_order":0,"comment_status":"closed","ping_status":"closed","template":"","meta":{"footnotes":""},"class_list":["post-901","page","type-page","status-publish","hentry","clearfix"],"_links":{"self":[{"href":"https:\/\/przedszkole125.edu.wroclaw.pl\/index.php\/wp-json\/wp\/v2\/pages\/901","targetHints":{"allow":["GET"]}}],"collection":[{"href":"https:\/\/przedszkole125.edu.wroclaw.pl\/index.php\/wp-json\/wp\/v2\/pages"}],"about":[{"href":"https:\/\/przedszkole125.edu.wroclaw.pl\/index.php\/wp-json\/wp\/v2\/types\/page"}],"author":[{"embeddable":true,"href":"https:\/\/przedszkole125.edu.wroclaw.pl\/index.php\/wp-json\/wp\/v2\/users\/72"}],"replies":[{"embeddable":true,"href":"https:\/\/przedszkole125.edu.wroclaw.pl\/index.php\/wp-json\/wp\/v2\/comments?post=901"}],"version-history":[{"count":10,"href":"https:\/\/przedszkole125.edu.wroclaw.pl\/index.php\/wp-json\/wp\/v2\/pages\/901\/revisions"}],"predecessor-version":[{"id":1704,"href":"https:\/\/przedszkole125.edu.wroclaw.pl\/index.php\/wp-json\/wp\/v2\/pages\/901\/revisions\/1704"}],"wp:attachment":[{"href":"https:\/\/przedszkole125.edu.wroclaw.pl\/index.php\/wp-json\/wp\/v2\/media?parent=901"}],"curies":[{"name":"wp","href":"https:\/\/api.w.org\/{rel}","templated":true}]}}