


{"id":89,"date":"2023-06-23T11:21:07","date_gmt":"2023-06-23T09:21:07","guid":{"rendered":"https:\/\/przedszkole125.edu.wroclaw.pl\/?page_id=89"},"modified":"2024-07-08T12:20:01","modified_gmt":"2024-07-08T10:20:01","slug":"pomoc-dzieciom-z-ukrainy","status":"publish","type":"page","link":"https:\/\/przedszkole125.edu.wroclaw.pl\/index.php\/klub-szkol-unicef\/pomoc-dzieciom-z-ukrainy\/","title":{"rendered":"Pomoc dzieciom z Ukrainy"},"content":{"rendered":"<div class=\"wpb-content-wrapper\"><p>[vc_row][vc_column][vc_column_text css=&#8221;&#8221;]<\/p>\n<h2><span style=\"font-size: 14pt; text-align: center;\"><strong>DZIECI NA UKRAINIE\u00a0PILNIE POTRZEBUJ\u0104 POMOCY<\/strong>.<\/span><\/h2>\n<p><span style=\"font-size: 14pt;\"><img loading=\"lazy\" decoding=\"async\" class=\"aligncenter wp-image-90 size-full\" src=\"https:\/\/przedszkole125.edu.wroclaw.pl\/wp-content\/uploads\/sites\/78\/2023\/06\/obraz-2.png\" alt=\"Dziewczynka z Ukrainy\" width=\"605\" height=\"403\" srcset=\"https:\/\/przedszkole125.edu.wroclaw.pl\/wp-content\/uploads\/sites\/78\/2023\/06\/obraz-2.png 605w, https:\/\/przedszkole125.edu.wroclaw.pl\/wp-content\/uploads\/sites\/78\/2023\/06\/obraz-2-300x200.png 300w, https:\/\/przedszkole125.edu.wroclaw.pl\/wp-content\/uploads\/sites\/78\/2023\/06\/obraz-2-600x400.png 600w\" sizes=\"auto, (max-width: 605px) 100vw, 605px\" \/><\/span><\/p>\n<p>&nbsp;<\/p>\n<p data-fontsize=\"16\"><span style=\"font-size: 14pt;\"><strong>Dzia\u0142ania wojenne na Ukrainie stanowi\u0105 bezpo\u015brednie zagro\u017cenie dla \u017cycia i zdrowia 7,5 mln dzieci w tym kraju. UNICEF od o\u015bmiu lat dzia\u0142a na terenie wschodniej Ukrainy. Obecne wsparcie obejmuje transport czystej wody oraz pomoc medyczn\u0105, higieniczn\u0105 i edukacyjn\u0105 dla poszkodowanej spo\u0142eczno\u015bci. Pom\u00f3c mo\u017cna przekazuj\u0105c darowizn\u0119 poprzez stron\u0119 <\/strong><a href=\"https:\/\/unicef.pl\/chce-pomoc\/nasze-akcje\/pomoc-dla-ukrainy\" data-fontsize=\"16\"><strong>unicef.pl\/ukraina<\/strong><\/a><strong>.<\/strong><\/span><\/p>\n<p data-fontsize=\"16\"><span style=\"font-size: 14pt;\">W ci\u0105gu ostatnich kilku dni potrzeby dzieci i rodzin dramatycznie wzros\u0142y. Ataki w Kijowie wywo\u0142a\u0142y panik\u0119 w\u015br\u00f3d ludno\u015bci \u2013 przera\u017cone rodziny przenosz\u0105 si\u0119 wraz z dzie\u0107mi do metra i schron\u00f3w. Ewakuacja rozpocz\u0119\u0142a si\u0119 w Doniecku i trwa w obwodzie \u0142uga\u0144skim. Potrzeby s\u0105 ogromne i ca\u0142y czas rosn\u0105. Niezb\u0119dne s\u0105 produkty higieniczne, r\u0119czniki, koce, paliwo czy apteczki pierwszej pomocy.<\/span><\/p>\n<p data-fontsize=\"16\"><span style=\"font-size: 14pt;\">Pracownicy UNICEF s\u0105 obecni w pi\u0119ciu lokalizacjach. Mobilne zespo\u0142y organizacji zapewniaj\u0105 wsparcie psychologiczne dzieciom, kt\u00f3re ucierpia\u0142y na skutek traumy, l\u0119ku i niepewno\u015bci. Zespo\u0142y te reaguj\u0105 m.in. na przypadki przemocy, nadu\u017cy\u0107, rozdzielenia z rodzin\u0105 czy wykorzystania seksualnego.<\/span><\/p>\n<p data-fontsize=\"16\"><span style=\"font-size: 14pt;\">UNICEF apeluje do stron konfliktu o nieustann\u0105 ochron\u0119 wszystkich dzieci oraz umo\u017cliwienie organizacjom humanitarnym bezpiecznego i szybkiego dotarcia do potrzebuj\u0105cych dzieci, gdziekolwiek si\u0119 znajduj\u0105. Organizacja wzywa wszystkie strony do powstrzymania si\u0119 od niszczenia podstawowej infrastruktury, w tym wodoci\u0105g\u00f3w, plac\u00f3wek ochrony zdrowia i szk\u00f3\u0142. Otrzymujemy liczne doniesienia o powa\u017cnych niedoborach wody i szybko rosn\u0105cej liczbie pr\u00f3\u015bb o pomoc psychologiczn\u0105.<\/span><\/p>\n<p data-fontsize=\"16\"><span style=\"font-size: 14pt;\"><strong><em>W nadchodz\u0105cych dniach b\u0119dziemy wsp\u00f3\u0142pracowa\u0107 z UNHCR i innymi agencjami ONZ nad planem dzia\u0142ania dla kraj\u00f3w s\u0105siaduj\u0105cych. Aktywowali\u015bmy r\u00f3wnie\u017c tzw. Blue Dots, czyli punkty wsparcia dla dziecka i rodziny. Z tego mechanizmu korzystali\u015bmy ju\u017c podczas kryzysu uchod\u017aczego i migracyjnego w Europie w latach 2015-2016, zapewniaj\u0105c podstawow\u0105 pomoc przemieszczaj\u0105cym si\u0119 dzieciom i rodzinom. Liczymy na wsp\u00f3lne wysi\u0142ki ca\u0142ej rodziny ONZ, aby razem odpowiedzie\u0107 na t\u0119 sytuacj\u0119, <\/em><\/strong>powiedzia\u0142a Afshan Khan, Regionalna Dyrektor UNICEF ds. Europy i Azji \u015arodkowej.<\/span><\/p>\n<p data-fontsize=\"16\"><span style=\"font-size: 14pt;\"><strong>UNICEF apeluje o 66,4 mln dolar\u00f3w, aby zapewni\u0107 dost\u0119p do czystej wody, urz\u0105dze\u0144 sanitarnych, szczepie\u0144, opieki zdrowotnej, edukacji, wsparcia psychologicznego oraz finansowego dla 7,5 mln dzieci na Ukrainie.<\/strong><\/span><\/p>\n<p data-fontsize=\"16\"><span style=\"font-size: 14pt;\">Pom\u00f3c mo\u017cna wspieraj\u0105c zbi\u00f3rk\u0119 funduszy uruchomion\u0105 przez UNICEF Polska na stronie: <a href=\"https:\/\/unicef.pl\/chce-pomoc\/nasze-akcje\/pomoc-dla-ukrainy\" data-fontsize=\"16\">unicef.pl\/ukraina<\/a>.<\/span><\/p>\n<p>[\/vc_column_text][\/vc_column][\/vc_row]<\/p>\n<\/div>","protected":false},"excerpt":{"rendered":"<p>[vc_row][vc_column][vc_column_text css=&#8221;&#8221;] DZIECI NA UKRAINIE\u00a0PILNIE POTRZEBUJ\u0104 POMOCY. &nbsp; Dzia\u0142ania wojenne na Ukrainie stanowi\u0105 bezpo\u015brednie zagro\u017cenie dla \u017cycia i zdrowia 7,5 mln dzieci w tym kraju. UNICEF od o\u015bmiu lat dzia\u0142a [&hellip;]<\/p>\n","protected":false},"author":72,"featured_media":0,"parent":25,"menu_order":0,"comment_status":"closed","ping_status":"closed","template":"","meta":{"footnotes":""},"class_list":["post-89","page","type-page","status-publish","hentry","clearfix"],"_links":{"self":[{"href":"https:\/\/przedszkole125.edu.wroclaw.pl\/index.php\/wp-json\/wp\/v2\/pages\/89","targetHints":{"allow":["GET"]}}],"collection":[{"href":"https:\/\/przedszkole125.edu.wroclaw.pl\/index.php\/wp-json\/wp\/v2\/pages"}],"about":[{"href":"https:\/\/przedszkole125.edu.wroclaw.pl\/index.php\/wp-json\/wp\/v2\/types\/page"}],"author":[{"embeddable":true,"href":"https:\/\/przedszkole125.edu.wroclaw.pl\/index.php\/wp-json\/wp\/v2\/users\/72"}],"replies":[{"embeddable":true,"href":"https:\/\/przedszkole125.edu.wroclaw.pl\/index.php\/wp-json\/wp\/v2\/comments?post=89"}],"version-history":[{"count":5,"href":"https:\/\/przedszkole125.edu.wroclaw.pl\/index.php\/wp-json\/wp\/v2\/pages\/89\/revisions"}],"predecessor-version":[{"id":1140,"href":"https:\/\/przedszkole125.edu.wroclaw.pl\/index.php\/wp-json\/wp\/v2\/pages\/89\/revisions\/1140"}],"up":[{"embeddable":true,"href":"https:\/\/przedszkole125.edu.wroclaw.pl\/index.php\/wp-json\/wp\/v2\/pages\/25"}],"wp:attachment":[{"href":"https:\/\/przedszkole125.edu.wroclaw.pl\/index.php\/wp-json\/wp\/v2\/media?parent=89"}],"curies":[{"name":"wp","href":"https:\/\/api.w.org\/{rel}","templated":true}]}}