


{"id":329,"date":"2023-07-13T10:19:08","date_gmt":"2023-07-13T08:19:08","guid":{"rendered":"https:\/\/przedszkole125.edu.wroclaw.pl\/?page_id=329"},"modified":"2025-09-30T06:29:45","modified_gmt":"2025-09-30T04:29:45","slug":"nasza-kuchnia","status":"publish","type":"page","link":"https:\/\/przedszkole125.edu.wroclaw.pl\/index.php\/o-nas\/o-przedszkolu\/nasza-kuchnia\/","title":{"rendered":"Nasza kuchnia"},"content":{"rendered":"<div class=\"wpb-content-wrapper\"><p>[vc_row][vc_column][vc_column_text css=&#8221;&#8221;]<span style=\"font-size: 14pt\">Nasze Przedszkole posiada w\u0142asn\u0105 kuchnie, w kt\u00f3rej dbamy o to, aby przygotowywane posi\u0142ki dostarcza\u0142y dzieciom wszystkich niezb\u0119dnych sk\u0142adnik\u00f3w od\u017cywczych i energetycznych. Posi\u0142ki planujemy tak, aby zawiera\u0142y produkty z r\u00f3\u017cnych grup \u017cywno\u015bciowych i sporz\u0105dzane z nich potrawy by\u0142y jak najmniej przetworzone. Produkty \u017cywno\u015bciowe dostarczane do naszej kuchni s\u0105 zawsze \u015bwie\u017ce, ze znanych \u017ar\u00f3de\u0142 i od sprawdzonych dostawc\u00f3w.<\/span><\/p>\n<p><span style=\"font-size: 14pt\">Do naszego przedszkola ucz\u0119szczaj\u0105 dzieci wymagaj\u0105ce stosowania r\u00f3\u017cnych diet. Posi\u0142ki przygotowywane s\u0105 przez p. kucharki oraz intendenta \u017cywieniowego, uwzgl\u0119dniaj\u0105 zalecenia lekarskie w tym zakresie.<\/span><\/p>\n<p><strong><span style=\"font-size: 14pt\">Jest SMACZNIE, ZDROWO I KOLOROWO \ud83d\ude42<\/span><\/strong><\/p>\n<h2><strong><span style=\"font-size: 14pt;font-family: arial, helvetica, sans-serif\">Przyk\u0142adowy JAD\u0141OSPIS:<\/span><\/strong><\/h2>\n<p><span style=\"font-family: arial, helvetica, sans-serif\"><strong><span style=\"font-size: 14pt\"><a href=\"https:\/\/przedszkole125.edu.wroclaw.pl\/wp-content\/uploads\/sites\/78\/2023\/09\/JADLOSPIS-1-1.pdf\">JAD\u0141OSPIS 1<\/a><br \/>\n<\/span><\/strong><\/span><\/p>\n<p><a href=\"https:\/\/przedszkole125.edu.wroclaw.pl\/wp-content\/uploads\/sites\/78\/2023\/09\/JADLOSPIS-2.pdf\"><strong><span style=\"font-family: arial, helvetica, sans-serif;font-size: 14pt\">JAD\u0141OSPIS 2<\/span><\/strong><\/a><\/p>\n<p><strong><span style=\"font-size: 14pt;font-family: arial, helvetica, sans-serif\"><a href=\"https:\/\/przedszkole125.edu.wroclaw.pl\/wp-content\/uploads\/sites\/78\/2023\/09\/JADLOSPIS-3.pdf\">JAD\u0141OSPIS 3<\/a><\/span><\/strong><\/p>\n<p><a href=\"https:\/\/przedszkole125.edu.wroclaw.pl\/wp-content\/uploads\/sites\/78\/2023\/09\/JADLOSPIS-4.pdf\"><strong><span style=\"font-size: 14pt;font-family: arial, helvetica, sans-serif\">JAD\u0141OSPIS 4<\/span><\/strong><\/a>[\/vc_column_text][\/vc_column][\/vc_row][vc_row][vc_column][vc_gallery type=&#8221;image_grid&#8221; images=&#8221;1632,1633,768,340,332,333,339,338,337&#8243; img_size=&#8221;medium&#8221; css=&#8221;&#8221;][\/vc_column][\/vc_row]<\/p>\n<\/div>","protected":false},"excerpt":{"rendered":"<p>[vc_row][vc_column][vc_column_text css=&#8221;&#8221;]Nasze Przedszkole posiada w\u0142asn\u0105 kuchnie, w kt\u00f3rej dbamy o to, aby przygotowywane posi\u0142ki dostarcza\u0142y dzieciom wszystkich niezb\u0119dnych sk\u0142adnik\u00f3w od\u017cywczych i energetycznych. Posi\u0142ki planujemy tak, aby zawiera\u0142y produkty z r\u00f3\u017cnych [&hellip;]<\/p>\n","protected":false},"author":72,"featured_media":0,"parent":297,"menu_order":0,"comment_status":"closed","ping_status":"closed","template":"","meta":{"footnotes":""},"class_list":["post-329","page","type-page","status-publish","hentry","clearfix"],"_links":{"self":[{"href":"https:\/\/przedszkole125.edu.wroclaw.pl\/index.php\/wp-json\/wp\/v2\/pages\/329","targetHints":{"allow":["GET"]}}],"collection":[{"href":"https:\/\/przedszkole125.edu.wroclaw.pl\/index.php\/wp-json\/wp\/v2\/pages"}],"about":[{"href":"https:\/\/przedszkole125.edu.wroclaw.pl\/index.php\/wp-json\/wp\/v2\/types\/page"}],"author":[{"embeddable":true,"href":"https:\/\/przedszkole125.edu.wroclaw.pl\/index.php\/wp-json\/wp\/v2\/users\/72"}],"replies":[{"embeddable":true,"href":"https:\/\/przedszkole125.edu.wroclaw.pl\/index.php\/wp-json\/wp\/v2\/comments?post=329"}],"version-history":[{"count":11,"href":"https:\/\/przedszkole125.edu.wroclaw.pl\/index.php\/wp-json\/wp\/v2\/pages\/329\/revisions"}],"predecessor-version":[{"id":1635,"href":"https:\/\/przedszkole125.edu.wroclaw.pl\/index.php\/wp-json\/wp\/v2\/pages\/329\/revisions\/1635"}],"up":[{"embeddable":true,"href":"https:\/\/przedszkole125.edu.wroclaw.pl\/index.php\/wp-json\/wp\/v2\/pages\/297"}],"wp:attachment":[{"href":"https:\/\/przedszkole125.edu.wroclaw.pl\/index.php\/wp-json\/wp\/v2\/media?parent=329"}],"curies":[{"name":"wp","href":"https:\/\/api.w.org\/{rel}","templated":true}]}}