


{"id":285,"date":"2023-07-10T13:21:00","date_gmt":"2023-07-10T11:21:00","guid":{"rendered":"https:\/\/przedszkole125.edu.wroclaw.pl\/?page_id=285"},"modified":"2024-07-08T14:28:11","modified_gmt":"2024-07-08T12:28:11","slug":"kadra","status":"publish","type":"page","link":"https:\/\/przedszkole125.edu.wroclaw.pl\/index.php\/o-nas\/kadra\/","title":{"rendered":"Kadra"},"content":{"rendered":"<div class=\"wpb-content-wrapper\"><p>[vc_row][vc_column][vc_column_text css=&#8221;&#8221;]<\/p>\n<div class=\"entry-content\">\n<h2><span style=\"font-size: 14pt;\">Wiedz\u0105c, jak\u0105 wa\u017cn\u0105 role w \u017cyciu m\u0142odego cz\u0142owieka pe\u0142ni nauczyciel staramy si\u0119, aby w naszym zespole by\u0142y wy\u0142\u0105cznie osoby kreatywne, \u017cyczliwe i cierpliwe w stosunku do swoich podopiecznych.<\/span><\/h2>\n<p data-fontsize=\"16\"><span style=\"font-size: 14pt;\">Nasza kadra pedagogiczna nieustannie motywuje wychowank\u00f3w do odkrywania \u015bwiata, aby mog\u0142y swoje poszukiwania prowadzi\u0107 w atmosferze bezpiecze\u0144stwa, szacunku i \u017cyczliwo\u015bci. K\u0142adziemy nacisk na to, by nasi podopieczni potrafili funkcjonowa\u0107 w r\u00f3\u017cnych rolach spo\u0142ecznych, posiad\u0142y umiej\u0119tno\u015bci samodzielnego rozwi\u0105zywania problem\u00f3w w oparciu o zdobyt\u0105 wiedz\u0119, umiej\u0119tno\u015bci i tw\u00f3rcze dzia\u0142anie, a tak\u017ce potrafi\u0142y sprosta\u0107 trudom i wyzwaniom \u201eszkolnego\u201d a potem doros\u0142ego \u017cycia.<\/span><\/p>\n<p data-fontsize=\"16\"><span style=\"font-size: 14pt;\">Nasi nauczyciele s\u0105 absolwentami uczelni wy\u017cszych, posiadaj\u0105 niezb\u0119dne do\u015bwiadczenie w pracy z dzie\u0107mi, dodatkowo bior\u0105 udzia\u0142 w kursach kwalifikacyjnych i szkoleniach, ci\u0105gle doskonal\u0105c swoje umiej\u0119tno\u015bci i metody pracy.<\/span><\/p>\n<p data-fontsize=\"16\"><span style=\"font-size: 14pt;\">Ca\u0142y personel tworzy atmosfer\u0119 ciep\u0142a i \u017cyczliwo\u015bci oraz wzajemnego poszanowania, by w naszym przedszkolu wszyscy czuli si\u0119 jak w domu.<\/span><\/p>\n<\/div>\n<p>[\/vc_column_text][\/vc_column][\/vc_row]<\/p>\n<\/div>","protected":false},"excerpt":{"rendered":"<p>[vc_row][vc_column][vc_column_text css=&#8221;&#8221;] Wiedz\u0105c, jak\u0105 wa\u017cn\u0105 role w \u017cyciu m\u0142odego cz\u0142owieka pe\u0142ni nauczyciel staramy si\u0119, aby w naszym zespole by\u0142y wy\u0142\u0105cznie osoby kreatywne, \u017cyczliwe i cierpliwe w stosunku do swoich podopiecznych. [&hellip;]<\/p>\n","protected":false},"author":72,"featured_media":0,"parent":18,"menu_order":0,"comment_status":"closed","ping_status":"closed","template":"","meta":{"footnotes":""},"class_list":["post-285","page","type-page","status-publish","hentry","clearfix"],"_links":{"self":[{"href":"https:\/\/przedszkole125.edu.wroclaw.pl\/index.php\/wp-json\/wp\/v2\/pages\/285","targetHints":{"allow":["GET"]}}],"collection":[{"href":"https:\/\/przedszkole125.edu.wroclaw.pl\/index.php\/wp-json\/wp\/v2\/pages"}],"about":[{"href":"https:\/\/przedszkole125.edu.wroclaw.pl\/index.php\/wp-json\/wp\/v2\/types\/page"}],"author":[{"embeddable":true,"href":"https:\/\/przedszkole125.edu.wroclaw.pl\/index.php\/wp-json\/wp\/v2\/users\/72"}],"replies":[{"embeddable":true,"href":"https:\/\/przedszkole125.edu.wroclaw.pl\/index.php\/wp-json\/wp\/v2\/comments?post=285"}],"version-history":[{"count":9,"href":"https:\/\/przedszkole125.edu.wroclaw.pl\/index.php\/wp-json\/wp\/v2\/pages\/285\/revisions"}],"predecessor-version":[{"id":1144,"href":"https:\/\/przedszkole125.edu.wroclaw.pl\/index.php\/wp-json\/wp\/v2\/pages\/285\/revisions\/1144"}],"up":[{"embeddable":true,"href":"https:\/\/przedszkole125.edu.wroclaw.pl\/index.php\/wp-json\/wp\/v2\/pages\/18"}],"wp:attachment":[{"href":"https:\/\/przedszkole125.edu.wroclaw.pl\/index.php\/wp-json\/wp\/v2\/media?parent=285"}],"curies":[{"name":"wp","href":"https:\/\/api.w.org\/{rel}","templated":true}]}}