


{"id":238,"date":"2023-07-10T12:19:24","date_gmt":"2023-07-10T10:19:24","guid":{"rendered":"https:\/\/przedszkole125.edu.wroclaw.pl\/?page_id=238"},"modified":"2025-09-20T18:25:46","modified_gmt":"2025-09-20T16:25:46","slug":"grupa-3","status":"publish","type":"page","link":"https:\/\/przedszkole125.edu.wroclaw.pl\/index.php\/grupa-3\/","title":{"rendered":"Grupa 3"},"content":{"rendered":"<div class=\"wpb-content-wrapper\"><p>[vc_row][vc_column][vc_column_text css=&#8221;&#8221;]<\/p>\n<h2><span style=\"font-size: 12pt;font-family: arial, helvetica, sans-serif\"><strong>Nauczycielki grupy: mgr Joanna Lewicka- Ku\u0142do, mgr Sylwia Pa\u0142ka<\/strong><\/span><\/h2>\n<p><span style=\"font-size: 12pt;font-family: arial, helvetica, sans-serif\"><strong>Pedagog: mgr Paulina W\u00f3jcik<\/strong><\/span><\/p>\n<p><span style=\"font-family: arial, helvetica, sans-serif;font-size: 12pt\"><em><strong>Tygodniowy rozk\u0142ad zaj\u0119\u0107:<\/strong><\/em><\/span><\/p>\n<p><span style=\"font-size: 12pt;font-family: arial, helvetica, sans-serif\"><strong>Poniedzia\u0142ek: <\/strong><\/span><\/p>\n<p><span style=\"font-family: arial, helvetica, sans-serif\"><strong>Wtorek:<\/strong><\/span><\/p>\n<p><span style=\"font-family: arial, helvetica, sans-serif\"><strong>\u015aroda:<\/strong><\/span><\/p>\n<p><span style=\"font-size: 12pt;font-family: arial, helvetica, sans-serif\"><strong>Czwartek: <\/strong><br \/>\n<\/span><\/p>\n<p><span style=\"font-size: 12pt;font-family: arial, helvetica, sans-serif\"><strong>Pi\u0105tek:<\/strong><br \/>\n<\/span><\/p>\n<p><span style=\"font-family: arial, helvetica, sans-serif;font-size: 12pt\"><strong><em>Zaj\u0119cia dodatkowe, p\u0142atne:<\/em><\/strong><\/span><\/p>\n<p><strong><span style=\"font-size: 12pt;font-family: arial, helvetica, sans-serif\">poniedzia\u0142ek:<\/span><\/strong><\/p>\n<p><strong><span style=\"font-family: arial, helvetica, sans-serif;font-size: 12pt\">wtorek:<br \/>\n<\/span><\/strong><\/p>\n<p><strong><span style=\"font-family: arial, helvetica, sans-serif;font-size: 12pt\">\u015broda:<br \/>\n<\/span><\/strong><\/p>\n<p><span style=\"font-family: arial, helvetica, sans-serif;font-size: 12pt\"><strong>czwartek:<\/strong><br \/>\n<\/span>[\/vc_column_text][\/vc_column][\/vc_row]<\/p>\n<\/div>","protected":false},"excerpt":{"rendered":"<p>[vc_row][vc_column][vc_column_text css=&#8221;&#8221;] Nauczycielki grupy: mgr Joanna Lewicka- Ku\u0142do, mgr Sylwia Pa\u0142ka Pedagog: mgr Paulina W\u00f3jcik Tygodniowy rozk\u0142ad zaj\u0119\u0107: Poniedzia\u0142ek: Wtorek: \u015aroda: Czwartek: Pi\u0105tek: Zaj\u0119cia dodatkowe, p\u0142atne: poniedzia\u0142ek: wtorek: \u015broda: czwartek: [&hellip;]<\/p>\n","protected":false},"author":72,"featured_media":0,"parent":0,"menu_order":0,"comment_status":"closed","ping_status":"closed","template":"","meta":{"footnotes":""},"class_list":["post-238","page","type-page","status-publish","hentry","clearfix"],"_links":{"self":[{"href":"https:\/\/przedszkole125.edu.wroclaw.pl\/index.php\/wp-json\/wp\/v2\/pages\/238","targetHints":{"allow":["GET"]}}],"collection":[{"href":"https:\/\/przedszkole125.edu.wroclaw.pl\/index.php\/wp-json\/wp\/v2\/pages"}],"about":[{"href":"https:\/\/przedszkole125.edu.wroclaw.pl\/index.php\/wp-json\/wp\/v2\/types\/page"}],"author":[{"embeddable":true,"href":"https:\/\/przedszkole125.edu.wroclaw.pl\/index.php\/wp-json\/wp\/v2\/users\/72"}],"replies":[{"embeddable":true,"href":"https:\/\/przedszkole125.edu.wroclaw.pl\/index.php\/wp-json\/wp\/v2\/comments?post=238"}],"version-history":[{"count":12,"href":"https:\/\/przedszkole125.edu.wroclaw.pl\/index.php\/wp-json\/wp\/v2\/pages\/238\/revisions"}],"predecessor-version":[{"id":1615,"href":"https:\/\/przedszkole125.edu.wroclaw.pl\/index.php\/wp-json\/wp\/v2\/pages\/238\/revisions\/1615"}],"wp:attachment":[{"href":"https:\/\/przedszkole125.edu.wroclaw.pl\/index.php\/wp-json\/wp\/v2\/media?parent=238"}],"curies":[{"name":"wp","href":"https:\/\/api.w.org\/{rel}","templated":true}]}}