


{"id":234,"date":"2023-07-10T12:13:42","date_gmt":"2023-07-10T10:13:42","guid":{"rendered":"https:\/\/przedszkole125.edu.wroclaw.pl\/?page_id=234"},"modified":"2025-09-20T18:48:52","modified_gmt":"2025-09-20T16:48:52","slug":"grupa-2","status":"publish","type":"page","link":"https:\/\/przedszkole125.edu.wroclaw.pl\/index.php\/grupa-2\/","title":{"rendered":"Grupa 2"},"content":{"rendered":"<div class=\"wpb-content-wrapper\"><p>[vc_row][vc_column][vc_column_text css=&#8221;&#8221;]<\/p>\n<h2><span style=\"font-family: arial, helvetica, sans-serif;font-size: 12pt\"><strong>Nauczycielki grupy: mgr Marcelina St\u00f3j<\/strong><\/span><\/h2>\n<p><span style=\"font-family: arial, helvetica, sans-serif;font-size: 12pt\"><strong>Pedagog: mgr Natalia Gadzina<\/strong><\/span><\/p>\n<p><em><strong><span style=\"font-family: arial, helvetica, sans-serif;font-size: 12pt\">Tygodniowy rozk\u0142ad zaj\u0119\u0107:<\/span><\/strong><\/em><\/p>\n<p><span style=\"font-family: arial, helvetica, sans-serif;font-size: 12pt\"><strong>Poniedzia\u0142ek:<\/strong><br \/>\n<\/span><\/p>\n<p><span style=\"font-family: arial, helvetica, sans-serif;font-size: 12pt\"><strong>Wtorek:<\/strong><br \/>\n<\/span><\/p>\n<p><span style=\"font-family: arial, helvetica, sans-serif;font-size: 12pt\"><strong>\u015aroda:<\/strong><br \/>\n<\/span><\/p>\n<p><span style=\"font-family: arial, helvetica, sans-serif;font-size: 12pt\"><strong>Czwartek:<\/strong><br \/>\n<\/span><\/p>\n<p><strong><span style=\"font-family: arial, helvetica, sans-serif;font-size: 12pt\">Pi\u0105tek:<\/span><\/strong><\/p>\n<p><strong><span style=\"font-family: arial, helvetica, sans-serif;font-size: 12pt\"><em>Zaj\u0119cia dodatkowe, p\u0142atne:<br \/>\n<\/em><\/span><\/strong><span style=\"font-family: arial, helvetica, sans-serif;font-size: 12pt\"><strong><br \/>\nponiedzia\u0142ek<\/strong>:<\/span><\/p>\n<p><span style=\"font-family: arial, helvetica, sans-serif;font-size: 12pt\"><strong>wtorek:<\/strong><br \/>\n<\/span><\/p>\n<p><span style=\"font-family: arial, helvetica, sans-serif;font-size: 12pt\"><strong>\u015broda<\/strong>: <\/span><span style=\"font-family: arial, helvetica, sans-serif;font-size: 12pt\"><br \/>\n<\/span><\/p>\n<p><span style=\"font-family: arial, helvetica, sans-serif;font-size: 12pt\"><strong>czwartek:<\/strong><br \/>\n<\/span>[\/vc_column_text][\/vc_column][\/vc_row]<\/p>\n<\/div>","protected":false},"excerpt":{"rendered":"<p>[vc_row][vc_column][vc_column_text css=&#8221;&#8221;] Nauczycielki grupy: mgr Marcelina St\u00f3j Pedagog: mgr Natalia Gadzina Tygodniowy rozk\u0142ad zaj\u0119\u0107: Poniedzia\u0142ek: Wtorek: \u015aroda: Czwartek: Pi\u0105tek: Zaj\u0119cia dodatkowe, p\u0142atne: poniedzia\u0142ek: wtorek: \u015broda: czwartek: [\/vc_column_text][\/vc_column][\/vc_row]<\/p>\n","protected":false},"author":72,"featured_media":0,"parent":0,"menu_order":0,"comment_status":"closed","ping_status":"closed","template":"","meta":{"footnotes":""},"class_list":["post-234","page","type-page","status-publish","hentry","clearfix"],"_links":{"self":[{"href":"https:\/\/przedszkole125.edu.wroclaw.pl\/index.php\/wp-json\/wp\/v2\/pages\/234","targetHints":{"allow":["GET"]}}],"collection":[{"href":"https:\/\/przedszkole125.edu.wroclaw.pl\/index.php\/wp-json\/wp\/v2\/pages"}],"about":[{"href":"https:\/\/przedszkole125.edu.wroclaw.pl\/index.php\/wp-json\/wp\/v2\/types\/page"}],"author":[{"embeddable":true,"href":"https:\/\/przedszkole125.edu.wroclaw.pl\/index.php\/wp-json\/wp\/v2\/users\/72"}],"replies":[{"embeddable":true,"href":"https:\/\/przedszkole125.edu.wroclaw.pl\/index.php\/wp-json\/wp\/v2\/comments?post=234"}],"version-history":[{"count":13,"href":"https:\/\/przedszkole125.edu.wroclaw.pl\/index.php\/wp-json\/wp\/v2\/pages\/234\/revisions"}],"predecessor-version":[{"id":1620,"href":"https:\/\/przedszkole125.edu.wroclaw.pl\/index.php\/wp-json\/wp\/v2\/pages\/234\/revisions\/1620"}],"wp:attachment":[{"href":"https:\/\/przedszkole125.edu.wroclaw.pl\/index.php\/wp-json\/wp\/v2\/media?parent=234"}],"curies":[{"name":"wp","href":"https:\/\/api.w.org\/{rel}","templated":true}]}}