


{"id":181,"date":"2023-06-29T10:25:21","date_gmt":"2023-06-29T08:25:21","guid":{"rendered":"https:\/\/przedszkole125.edu.wroclaw.pl\/?page_id=181"},"modified":"2024-07-08T15:16:02","modified_gmt":"2024-07-08T13:16:02","slug":"strony-www-warte-uwagi","status":"publish","type":"page","link":"https:\/\/przedszkole125.edu.wroclaw.pl\/index.php\/strony-www-warte-uwagi\/","title":{"rendered":"Strony www warte uwagi"},"content":{"rendered":"<div class=\"wpb-content-wrapper\"><p>[vc_row][vc_column][vc_column_text css=&#8221;&#8221;]<\/p>\n<h2><span style=\"font-size: 14pt;\"><a title=\"Strona otwiera si\u0119 w nowej zak\u0142adce\" href=\"https:\/\/czasdzieci.pl\/wroclaw\/\" target=\"_blank\" rel=\"noopener\">https:\/\/czasdzieci.pl\/wroclaw\/<\/a><\/span><\/h2>\n<p><span style=\"font-size: 14pt;\">Czas Dzieci to portal informacyjno- rozrywkowy, w kt\u00f3rym znajdziemy wiarygodne informacje jak i gdzie mo\u017cemy sp\u0119dzi\u0107 czas z najbli\u017cszymi we Wroc\u0142awiu. Jednocze\u015bnie portal zawiera stref\u0119 dla dziecka, w kt\u00f3rej znajduj\u0119 si\u0119 wiele ciekawych propozycji zabaw, gier i dzia\u0142a\u0144 dla dzieci, jak i stref\u0119 dla rodzica z ciekawymi artyku\u0142ami, poradami czy propozycjami ksi\u0105\u017cek.<\/span><\/p>\n<p>&nbsp;<\/p>\n<h2><span style=\"font-size: 14pt;\"><a title=\"Strona otwiera si\u0119 w nowej zak\u0142adce\" href=\"https:\/\/www.dla-dzieci.com.pl\/\" target=\"_blank\" rel=\"noopener\">https:\/\/www.dla-dzieci.com.pl\/ <\/a><\/span><\/h2>\n<p><span style=\"font-size: 14pt;\">Portal dla dzieci, rodzic\u00f3w i wychowawc\u00f3w. To wiele kreatywnych zabaw, ciekawych gier, zagadek umys\u0142owych, kolorowanek dla dzieci. To portal z wieloma ciekawymi artyku\u0142ami dla rodzic\u00f3w i recenzjami ksi\u0105\u017cek wartymi uwagi.<\/span><\/p>\n<p>&nbsp;<\/p>\n<h2><span style=\"font-size: 14pt;\"><a title=\"Strona otwiera si\u0119 w nowej zak\u0142adce\" href=\"https:\/\/mojedziecikreatywnie.pl\/\" target=\"_blank\" rel=\"noopener\">https:\/\/mojedziecikreatywnie.pl\/<\/a><\/span><\/h2>\n<p><span style=\"font-size: 14pt;\">To po prostu nauka przez zabaw\u0119, tw\u00f3rczo\u015b\u0107 plastyczna, wspieranie rozwoju dziecka, rodzinna codzienno\u015b\u0107 <img decoding=\"async\" class=\"emoji\" role=\"img\" draggable=\"false\" src=\"https:\/\/s.w.org\/images\/core\/emoji\/14.0.0\/svg\/1f642.svg\" alt=\"\ud83d\ude42\" \/><\/span>[\/vc_column_text][\/vc_column][\/vc_row]<\/p>\n<\/div>","protected":false},"excerpt":{"rendered":"<p>[vc_row][vc_column][vc_column_text css=&#8221;&#8221;] https:\/\/czasdzieci.pl\/wroclaw\/ Czas Dzieci to portal informacyjno- rozrywkowy, w kt\u00f3rym znajdziemy wiarygodne informacje jak i gdzie mo\u017cemy sp\u0119dzi\u0107 czas z najbli\u017cszymi we Wroc\u0142awiu. Jednocze\u015bnie portal zawiera stref\u0119 dla dziecka, [&hellip;]<\/p>\n","protected":false},"author":72,"featured_media":0,"parent":0,"menu_order":0,"comment_status":"closed","ping_status":"closed","template":"","meta":{"footnotes":""},"class_list":["post-181","page","type-page","status-publish","hentry","clearfix"],"_links":{"self":[{"href":"https:\/\/przedszkole125.edu.wroclaw.pl\/index.php\/wp-json\/wp\/v2\/pages\/181","targetHints":{"allow":["GET"]}}],"collection":[{"href":"https:\/\/przedszkole125.edu.wroclaw.pl\/index.php\/wp-json\/wp\/v2\/pages"}],"about":[{"href":"https:\/\/przedszkole125.edu.wroclaw.pl\/index.php\/wp-json\/wp\/v2\/types\/page"}],"author":[{"embeddable":true,"href":"https:\/\/przedszkole125.edu.wroclaw.pl\/index.php\/wp-json\/wp\/v2\/users\/72"}],"replies":[{"embeddable":true,"href":"https:\/\/przedszkole125.edu.wroclaw.pl\/index.php\/wp-json\/wp\/v2\/comments?post=181"}],"version-history":[{"count":4,"href":"https:\/\/przedszkole125.edu.wroclaw.pl\/index.php\/wp-json\/wp\/v2\/pages\/181\/revisions"}],"predecessor-version":[{"id":1169,"href":"https:\/\/przedszkole125.edu.wroclaw.pl\/index.php\/wp-json\/wp\/v2\/pages\/181\/revisions\/1169"}],"wp:attachment":[{"href":"https:\/\/przedszkole125.edu.wroclaw.pl\/index.php\/wp-json\/wp\/v2\/media?parent=181"}],"curies":[{"name":"wp","href":"https:\/\/api.w.org\/{rel}","templated":true}]}}