


{"id":101,"date":"2023-06-23T11:43:45","date_gmt":"2023-06-23T09:43:45","guid":{"rendered":"https:\/\/przedszkole125.edu.wroclaw.pl\/?page_id=101"},"modified":"2024-07-08T12:04:09","modified_gmt":"2024-07-08T10:04:09","slug":"gdzie-szukac-pomocy-wazne-telefony","status":"publish","type":"page","link":"https:\/\/przedszkole125.edu.wroclaw.pl\/index.php\/klub-szkol-unicef\/gdzie-szukac-pomocy-wazne-telefony\/","title":{"rendered":"Gdzie szuka\u0107 pomocy \u2013 wa\u017cne telefony"},"content":{"rendered":"<div class=\"wpb-content-wrapper\"><p>[vc_row][vc_column][vc_single_image image=&#8221;95&#8243; img_size=&#8221;large&#8221; alignment=&#8221;center&#8221;][vc_single_image image=&#8221;102&#8243; img_size=&#8221;large&#8221; alignment=&#8221;center&#8221;][\/vc_column][\/vc_row][vc_row][vc_column][vc_column_text css=&#8221;&#8221;]<\/p>\n<h2><span style=\"font-size: 14pt;\"><strong>GDZIE SZUKA\u0106 POMOCY<\/strong><\/span><\/h2>\n<p data-fontsize=\"16\"><span style=\"font-size: 14pt;\"><strong>112<\/strong><\/span><\/p>\n<p data-fontsize=\"16\"><span style=\"font-size: 14pt;\"><strong>Numer alarmowy<\/strong><\/span><\/p>\n<p data-fontsize=\"16\"><span style=\"font-size: 14pt;\">Zadzwo\u0144 pod ten numer, je\u015bli zagro\u017cone jest \u017cycie lub zdrowie dziecka i niezb\u0119dna jest interwencja <strong>policji, stra\u017cy po\u017carnej <\/strong>lub <strong>pogotowia<\/strong>.<\/span><br \/>\n<span style=\"font-size: 14pt;\"><strong>997<\/strong><strong> Policja<br \/>\n<\/strong><strong>998<\/strong><strong> Stra\u017c Po\u017carna<br \/>\n<\/strong><strong>999<\/strong><strong> Pogotowie Ratunkowe<\/strong><\/span><\/p>\n<p data-fontsize=\"16\"><span style=\"font-size: 14pt;\"><strong>800 12 12 12<\/strong><\/span><\/p>\n<p data-fontsize=\"16\"><span style=\"font-size: 14pt;\"><strong>Dzieci\u0119cy telefon zaufania Rzecznika Praw Dziecka<\/strong><\/span><\/p>\n<p data-fontsize=\"16\"><span style=\"font-size: 14pt;\">To telefon skierowany do <strong>wszystkich dzieci, kt\u00f3re potrzebuj\u0105 pomocy<\/strong>. Je\u015bli zadzwonisz pod ten numer, b\u0119dziesz m\u00f3g\u0142\/mog\u0142a porozmawia\u0107 ze specjalist\u0105, kt\u00f3ry postara Ci si\u0119 pom\u00f3c. <strong>Numer dzia\u0142a przez ca\u0142\u0105 dob\u0119, siedem dni w tygodniu*<\/strong>. Pod numer interwencyjny mog\u0105 te\u017c dzwoni\u0107 osoby doros\u0142e, aby zg\u0142osi\u0107 problemy dzieci lub ra\u017c\u0105ce zaniedbania wzgl\u0119dem nich. W celu otrzymania wsparcia. mo\u017cesz skontaktowa\u0107 si\u0119 tak\u017ce za po\u015brednictwem czatu na stronie internetowej Rzecznika Praw Dziecka <a title=\"Strona otwiera si\u0119 w nowym oknie\" href=\"https:\/\/brpd.gov.pl\/\" target=\"_blank\" rel=\"noreferrer noopener\" data-fontsize=\"16\"><strong>www.brpd.gov.pl<\/strong><\/a>. Od kwietnia 2020 roku rozszerzono dzia\u0142alno\u015b\u0107 telefonicznej linii interwencyjnej. Wszystkie osoby \u2013 uczniowie, rodzice, nauczyciele czy w\u0142adze lokalne \u2013 uzyskaj\u0105 pomoc prawn\u0105 i wyja\u015bnienia dotycz\u0105ce tre\u015bci, kt\u00f3re mog\u0105 by\u0107 nauczane w polskich szko\u0142ach.<\/span><\/p>\n<p data-fontsize=\"16\"><span style=\"font-size: 14pt;\"><strong>116 111<\/strong><\/span><\/p>\n<p data-fontsize=\"16\"><span style=\"font-size: 14pt;\"><strong>Telefon zaufania dla dzieci i m\u0142odzie\u017cy<\/strong><\/span><\/p>\n<p data-fontsize=\"16\"><span style=\"font-size: 14pt;\">Je\u017celi czujesz si\u0119 krzywdzony i potrzebujesz pomocy \u2013 mo\u017cesz zadzwoni\u0107 pod numer 116 111. Specjali\u015bci porozmawiaj\u0105 z Tob\u0105 o ka\u017cdym trudnym problemie i udziel\u0105 Ci pomocy. Telefon dzia\u0142a 7 dni w tygodniu ca\u0142odobowo*. Mo\u017cesz tak\u017ce zarejestrowa\u0107 si\u0119 na stronie <a title=\"Strona otwiera si\u0119 w nowym oknie\" href=\"https:\/\/116111.pl\/\" target=\"_blank\" rel=\"noreferrer noopener\" data-fontsize=\"16\"><strong>www.116111.pl<\/strong><\/a> i napisa\u0107 wiadomo\u015b\u0107.<\/span><\/p>\n<p data-fontsize=\"16\"><span style=\"font-size: 14pt;\"><strong>800 080 222<\/strong><\/span><\/p>\n<p data-fontsize=\"16\"><span style=\"font-size: 14pt;\"><strong>Ca\u0142odobowa, bezp\u0142atna infolinia dla dzieci i m\u0142odzie\u017cy, rodzic\u00f3w oraz nauczycieli<\/strong><\/span><\/p>\n<p data-fontsize=\"16\"><span style=\"font-size: 14pt;\">Je\u015bli czujesz si\u0119 przygn\u0119biony, masz problemy w szkole lub w domu lub jeste\u015b ofiar\u0105 przemocy, czekaj\u0105 na Ciebie specjali\u015bci. To do\u015bwiadczeni pracownicy Fundacji ITAKA \u2013 Centrum Poszukiwa\u0144 Ludzi Zaginionych: psychologowie, pedagodzy i prawnicy. Konsultanci odpowiedz\u0105 na twoje pytania, doradz\u0105, co mo\u017cesz zrobi\u0107 w swojej sytuacji. Mo\u017cesz skontaktowa\u0107 si\u0119 tak\u017ce przez stron\u0119: <a title=\"Strona otwiera si\u0119 w nowym oknie\" href=\"http:\/\/www.liniadzieciom.pl\/\" target=\"_blank\" rel=\"noreferrer noopener\" data-fontsize=\"16\"><strong>www.liniadzieciom.pl<\/strong><\/a>.<\/span><\/p>\n<p data-fontsize=\"16\"><span style=\"font-size: 14pt;\"><strong>801 120 002<\/strong><\/span><\/p>\n<p data-fontsize=\"16\"><span style=\"font-size: 14pt;\"><strong>Og\u00f3lnopolski telefon dla ofiar przemocy w rodzinie \u201eNiebieska Linia\u201d\u00a0<\/strong><\/span><\/p>\n<p data-fontsize=\"16\"><span style=\"font-size: 14pt;\">To numer, pod kt\u00f3ry mog\u0105 dzwoni\u0107 ofiary przemocy w rodzinie, a tak\u017ce osoby, kt\u00f3re us\u0142ysza\u0142y o takiej przemocy lub s\u0105 jej \u015bwiadkami. Konsultacje prowadzone s\u0105 telefonicznie lub mailowo: <a href=\"mailto:niebieskalinia@niebieskalinia.info\" data-fontsize=\"16\"><strong>niebieskalinia@niebieskalinia.info<\/strong><\/a> Kontaktuj\u0105c si\u0119 z \u201eNiebiesk\u0105 Lini\u0105\u201d uzyskasz wsparcie, pomoc psychologiczn\u0105, informacje o mo\u017cliwo\u015bciach uzyskania pomocy najbli\u017cej Twojego miejsca zamieszkania.<\/span><\/p>\n<p data-fontsize=\"16\"><span style=\"font-size: 14pt;\"><strong>ZAGRO\u017bENIA W INTERNECIE<\/strong><\/span><\/p>\n<p data-fontsize=\"16\"><span style=\"font-size: 14pt;\"><strong>Dy\u017curnet.pl<\/strong><\/span><\/p>\n<p data-fontsize=\"16\"><span style=\"font-size: 14pt;\">Mo\u017cesz tu zg\u0142asza\u0107 informacje o wszystkich nielegalnych i niepokoj\u0105cych tre\u015bciach znalezionych w Internecie. Je\u015bli specjali\u015bci z dy\u017curnet.pl uznaj\u0105, \u017ce znalezione przez Ciebie tre\u015bci s\u0105 nielegalne \u2013 poinformuj\u0105 o tym policj\u0119 lub prokuratur\u0119. Twoje zg\u0142oszenie mo\u017ce by\u0107 anonimowe, to znaczy, \u017ce nikt nie dowie si\u0119 o tym, \u017ce to Ty zg\u0142osi\u0142e\u015b nielegalne tre\u015bci. Nielegalne tre\u015bci mo\u017cesz zg\u0142osi\u0107 poprzez stron\u0119 <a title=\"Strona otwiera si\u0119 w nowym oknie\" href=\"https:\/\/dyzurnet.pl\/\" target=\"_blank\" rel=\"noreferrer noopener\" data-fontsize=\"16\"><strong>www.dyzurnet.pl<\/strong><\/a>, e-mailowo: <a href=\"mailto:dyzurnet@dyzurnet.pl\" data-fontsize=\"16\"><strong>dyzurnet@dyzurnet.pl<\/strong><\/a> lub telefonicznie numerem <strong>801 615 005 <\/strong>(ca\u0142odobowo).<\/span><\/p>\n<p data-fontsize=\"16\"><span style=\"font-size: 14pt;\"><strong>PROBLEM Z NARKOTYKAMI, UZALE\u017bNIENIAMI<\/strong><\/span><\/p>\n<p data-fontsize=\"16\"><span style=\"font-size: 14pt;\"><strong>800 199 990<\/strong><\/span><\/p>\n<p data-fontsize=\"16\"><span style=\"font-size: 14pt;\"><strong>Og\u00f3lnopolski Telefon Zaufania<\/strong><\/span><\/p>\n<p data-fontsize=\"16\"><span style=\"font-size: 14pt;\">To numer, pod kt\u00f3rym uzyskasz pomoc oraz wsparcie, je\u015bli Tw\u00f3j problem zwi\u0105zany jest z narkotykami lub uzale\u017cnieniem od narkotyk\u00f3w. Mo\u017cesz zadzwoni\u0107 zar\u00f3wno wtedy, gdy problem dotyczy Ciebie, jak i wtedy, kiedy zauwa\u017cysz, \u017ce problem z narkotykami ma osoba w Twoim otoczeniu.<strong> Telefon jest czynny codzienne od 16:00 do 21:00*<\/strong>, z wyj\u0105tkiem \u015bwi\u0105t pa\u0144stwowych.<\/span><\/p>\n<p data-fontsize=\"16\"><span style=\"font-size: 14pt;\"><strong>MONAR\u00a0<\/strong><\/span><\/p>\n<p data-fontsize=\"16\"><span style=\"font-size: 14pt;\">MONAR jest stowarzyszeniem, kt\u00f3re niesie pomoc osobom uzale\u017cnionym od narkotyk\u00f3w, zaka\u017conym wirusem HIV czy bezdomnym. Je\u015bli Ty lub osoba z Twojego otoczenia macie podobny problem, skontaktuj si\u0119 ze stowarzyszeniem pisz\u0105c na adres <a href=\"mailto:pomoc@monar.org\" data-fontsize=\"16\"><strong>pomoc@monar.org<\/strong><\/a> Specjali\u015bci doradz\u0105 Ci dok\u0105d si\u0119 uda\u0107, z kim porozmawia\u0107, jakie podj\u0105\u0107 dzia\u0142ania. UWAGA: nie zapomnij napisa\u0107 w jakim mie\u015bcie (lub miejscowo\u015bci) mieszkasz.<\/span><\/p>\n<p data-fontsize=\"16\"><span style=\"font-size: 14pt;\"><strong>JESTE\u015a RODZICEM ALBO NAUCZYCIELEM?<\/strong><\/span><\/p>\n<p data-fontsize=\"16\"><span style=\"font-size: 14pt;\"><strong>800 100 100<\/strong><\/span><\/p>\n<p data-fontsize=\"16\"><span style=\"font-size: 14pt;\"><strong>Telefon dla rodzic\u00f3w i nauczycieli w sprawach dotycz\u0105cych bezpiecze\u0144stwa dzieci<\/strong><\/span><\/p>\n<p data-fontsize=\"16\"><span style=\"font-size: 14pt;\">To bezp\u0142atna i anonimowa pomoc telefoniczna i online dla rodzic\u00f3w i nauczycieli, kt\u00f3rzy potrzebuj\u0105 wsparcia i informacji w zakresie pomocy psychologicznej dla dzieci, kt\u00f3re prze\u017cywaj\u0105 k\u0142opoty i trudno\u015bci takie jak: agresja, przemoc w szkole, cyberprzemoc, zagro\u017cenia zwi\u0105zane z nowymi technologiami, wykorzystanie seksualne, kontakt z substancjami psychoaktywnymi, depresja i obni\u017cony nastr\u00f3j, my\u015bli samob\u00f3jcze, zaburzenia od\u017cywiania. <strong>Specjali\u015bci dost\u0119pni s\u0105 od poniedzia\u0142ku do pi\u0105tku, w godzinach 12:00-15:00*<\/strong>. Kontakt online przez stron\u0119 <a title=\"Strona otwiera si\u0119 w nowym oknie\" href=\"https:\/\/800100100.pl\/\" target=\"_blank\" rel=\"noreferrer noopener\" data-fontsize=\"16\"><strong>www.800100100.pl<\/strong><\/a>\u00a0obecnie nie jest mo\u017cliwy.\u00a0<\/span><\/p>\n<p data-fontsize=\"16\"><span style=\"font-size: 14pt;\"><strong>Pomoc dla cudzoziemc\u00f3w i uchod\u017ac\u00f3w<\/strong><\/span><\/p>\n<p data-fontsize=\"16\"><span style=\"font-size: 14pt;\">Centrum Pomocy Cudzoziemcom w Warszawie (CPC) to miejsce, w kt\u00f3rym ka\u017cdego roku tysi\u0105ce<\/span><br \/>\n<span style=\"font-size: 14pt;\">os\u00f3b z kilkudziesi\u0119ciu kraj\u00f3w \u015bwiata mog\u0105 liczy\u0107 na bezp\u0142atn\u0105 pomoc i przyjazn\u0105 przestrze\u0144. tel. <strong>+48 22 828 04 50<\/strong>, <a title=\"Strona otwiera si\u0119 w nowym oknie\" href=\"https:\/\/ocalenie.org.pl\/cpc\" target=\"_blank\" rel=\"noreferrer noopener\" data-fontsize=\"16\"><strong>ocalenie.org.pl\/cpc<\/strong><\/a><strong>.<\/strong><\/span><\/p>\n<p data-fontsize=\"16\"><span style=\"font-size: 14pt;\"><strong>Stowarzyszenie Interwencji Prawnej<\/strong><\/span><\/p>\n<p data-fontsize=\"16\"><span style=\"font-size: 14pt;\">Podopiecznymi SIP s\u0105 osoby, kt\u00f3re znalaz\u0142y si\u0119 w trudnej sytuacji \u017cyciowej; Stowarzyszenie reprezentuje je w post\u0119powaniach przed s\u0105dami i organami w\u0142adzy publicznej. S\u0105 w\u015br\u00f3d nich osoby dyskryminowane lub zagro\u017cone wykluczeniem spo\u0142ecznym, w tym cudzoziemcy. Udzielana jest im pomoc prawna i wsparcie integracyjne. Poradnictwo prawne i integracyjne dla migrant\u00f3w wymaga wcze\u015bniejszych zapis\u00f3w telefonicznych pod numerem <strong>+48 880 145 372 od poniedzia\u0142ku do pi\u0105tku mi\u0119dzy 15:00 a 16:00*<\/strong>. Stowarzyszenie nie udziela porad telefonicznie ani e-mailowo.<\/span><\/p>\n<p data-fontsize=\"16\"><span style=\"font-size: 14pt;\"><strong>Helsi\u0144ska Fundacja Praw Cz\u0142owieka<\/strong><\/span><\/p>\n<p data-fontsize=\"16\"><span style=\"font-size: 14pt;\">Porady prawne z zakresu \u0142amania praw cz\u0142owieka. Je\u017celi jeste\u015b uchod\u017ac\u0105 i uwa\u017casz, \u017ce Twoje prawa s\u0105 \u0142amane porady mog\u0105 Ci udzieli\u0107 prawnicy z Helsi\u0144skiej Fundacji Praw Cz\u0142owieka. Znajdziesz ich pod numerem telefonu: <strong>+48 22 556 44 66<\/strong>. W tygodniu w siedzibie fundacji odbywa si\u0119 jeden <strong>dy\u017cur dla cudzoziemc\u00f3w (poniedzia\u0142ek), od 10:00-13:00*<\/strong>. Obowi\u0105zuj\u0105 wy\u0142\u0105cznie zapisy telefoniczne: <strong>+48 22 556 44 40<\/strong>. Wi\u0119cej informacji znajduje si\u0119 na stronie: <a title=\"Strona otwiera si\u0119 w nowym oknie\" href=\"http:\/\/www.hfhr.pl\/\" target=\"_blank\" rel=\"noreferrer noopener\" data-fontsize=\"16\"><strong>www.hfhr.pl<\/strong><\/a>.<\/span><\/p>\n<p data-fontsize=\"16\"><span style=\"font-size: 14pt;\"><strong>TRUDNA SYTUACJA FINANSOWA<\/strong><\/span><\/p>\n<p data-fontsize=\"16\"><span style=\"font-size: 14pt;\"><strong>Caritas Polska<\/strong><\/span><\/p>\n<p data-fontsize=\"16\"><span style=\"font-size: 14pt;\">To organizacja, kt\u00f3ra mo\u017ce Ci pom\u00f3c, je\u015bli Twoi rodzice lub opiekunowie znale\u017ali si\u0119 w <strong>trudnej sytuacji finansowej<\/strong>. Mo\u017ce sfinansowa\u0107 Twoje obiady w szkole, kupi\u0107 wyprawk\u0119 do szko\u0142y b\u0105d\u017a dofinansowa\u0107 wycieczk\u0119 klasow\u0105. Caritas ma ponad czterdzie\u015bci plac\u00f3wek w ca\u0142ej Polsce. Mapka i telefony kontaktowe do poszczeg\u00f3lnych plac\u00f3wek znajduj\u0105 si\u0119 na stronie internetowej: <a title=\"Strona otwiera si\u0119 w nowym oknie\" href=\"https:\/\/caritas.pl\/szukam-pomocy\/\" target=\"_blank\" rel=\"noreferrer noopener\" data-fontsize=\"16\"><strong>caritas.pl\/szukam-pomocy<\/strong><strong>\/<\/strong><\/a> Mo\u017cesz r\u00f3wnie\u017c zadzwoni\u0107 pod jeden z numer\u00f3w: <strong>+48 22 334 85 00, 22 334 85 85<\/strong>, a pracownicy Caritas na pewno udziel\u0105 Ci potrzebnych informacji.<\/span><\/p>\n<p data-fontsize=\"16\"><span style=\"font-size: 14pt;\"><strong>Pomoc og\u00f3lna\u00a0<\/strong><\/span><\/p>\n<p data-fontsize=\"16\"><span style=\"font-size: 14pt;\">Komitet Ochrony Praw Dziecka udziela pomocy w r\u00f3\u017cnych przypadkach i pomaga skontaktowa\u0107 si\u0119 ze specjalistami. Skorzystaj z formularza zamieszczonego na stronie: <a title=\"Strona otwiera si\u0119 w nowym oknie\" href=\"http:\/\/kopd.pl\/kontakt\/ekspert-on-line\/\" target=\"_blank\" rel=\"noreferrer noopener\" data-fontsize=\"16\"><strong>kopd.pl\/kontakt\/ekspert-on-line<\/strong><\/a>.<\/span><\/p>\n<p data-fontsize=\"16\"><span style=\"font-size: 14pt;\">* Godziny dzia\u0142ania telefon\u00f3w mog\u0105 ulec zmianie.<\/span><\/p>\n<p>[\/vc_column_text][\/vc_column][\/vc_row]<\/p>\n<\/div>","protected":false},"excerpt":{"rendered":"<p>[vc_row][vc_column][vc_single_image image=&#8221;95&#8243; img_size=&#8221;large&#8221; alignment=&#8221;center&#8221;][vc_single_image image=&#8221;102&#8243; img_size=&#8221;large&#8221; alignment=&#8221;center&#8221;][\/vc_column][\/vc_row][vc_row][vc_column][vc_column_text css=&#8221;&#8221;] GDZIE SZUKA\u0106 POMOCY 112 Numer alarmowy Zadzwo\u0144 pod ten numer, je\u015bli zagro\u017cone jest \u017cycie lub zdrowie dziecka i niezb\u0119dna jest interwencja policji, [&hellip;]<\/p>\n","protected":false},"author":72,"featured_media":0,"parent":25,"menu_order":0,"comment_status":"closed","ping_status":"closed","template":"","meta":{"footnotes":""},"class_list":["post-101","page","type-page","status-publish","hentry","clearfix"],"_links":{"self":[{"href":"https:\/\/przedszkole125.edu.wroclaw.pl\/index.php\/wp-json\/wp\/v2\/pages\/101","targetHints":{"allow":["GET"]}}],"collection":[{"href":"https:\/\/przedszkole125.edu.wroclaw.pl\/index.php\/wp-json\/wp\/v2\/pages"}],"about":[{"href":"https:\/\/przedszkole125.edu.wroclaw.pl\/index.php\/wp-json\/wp\/v2\/types\/page"}],"author":[{"embeddable":true,"href":"https:\/\/przedszkole125.edu.wroclaw.pl\/index.php\/wp-json\/wp\/v2\/users\/72"}],"replies":[{"embeddable":true,"href":"https:\/\/przedszkole125.edu.wroclaw.pl\/index.php\/wp-json\/wp\/v2\/comments?post=101"}],"version-history":[{"count":6,"href":"https:\/\/przedszkole125.edu.wroclaw.pl\/index.php\/wp-json\/wp\/v2\/pages\/101\/revisions"}],"predecessor-version":[{"id":1136,"href":"https:\/\/przedszkole125.edu.wroclaw.pl\/index.php\/wp-json\/wp\/v2\/pages\/101\/revisions\/1136"}],"up":[{"embeddable":true,"href":"https:\/\/przedszkole125.edu.wroclaw.pl\/index.php\/wp-json\/wp\/v2\/pages\/25"}],"wp:attachment":[{"href":"https:\/\/przedszkole125.edu.wroclaw.pl\/index.php\/wp-json\/wp\/v2\/media?parent=101"}],"curies":[{"name":"wp","href":"https:\/\/api.w.org\/{rel}","templated":true}]}}